ighest common divisor of 6 and c?
6
Let k be (-6 + -15)/(3/(-2)). Suppose -c + 18 = k. Suppose -i + 15 = 3*g, -i + 4*i = c*g - 20. What is the highest common divisor of 25 and g?
5
Suppose 0*n - 3*n + 2*j + 37 = 0, -4*n + 72 = 3*j. Let b be (182/4)/(n/30). What is the highest common divisor of 104 and b?
13
Let u(o) = -o**2 + 44*o - 184. Let a be u(38). Let l be 36/8*(0 + -4). Let g be (22/3)/(l/(-27)). Calculate the greatest common divisor of g and a.
11
Suppose 4*z = -3*b + 189, 4*b + 5*z = 2*z + 252. Let x(i) = -4*i**2 - 236*i - 351. Let d be x(-57). Calculate the highest common divisor of b and d.
21
Let k = -5589 + 10839. Calculate the highest common factor of k and 42.
42
Suppose 87*k = 203198 + 149152. What is the greatest common divisor of 324 and k?
162
Let z(g) = -g**3 - 29*g**2 - 27*g + 30. Let a be z(-28). Suppose 0 = n + 5, -a*y + 352 = n - 59. What is the highest common factor of 16 and y?
16
Let o(v) = v + 20. Let f be o(-16). Suppose f*t = 14 + 38. Let p = t - -7. What is the greatest common factor of p and 4?
4
Suppose j = 0, r - 79*j - 57 = -84*j. What is the highest common factor of 8949 and r?
57
Let w = -171585 + 171725. Let t(f) = 15*f - 5. Let j be t(-9). Let s be (-1 + 4)*j/(-15). What is the highest common divisor of w and s?
28
Let x(d) = 2*d**3 - 344*d**2 - 340*d - 136. Let n be x(173). What is the greatest common divisor of 3526 and n?
82
Let a = -6 + -6. Let n = a - -17. Let f be -2 - 224/(-6) - 7/21. What is the greatest common divisor of f and n?
5
Let a = 46 - 51. Let g = a - -10. Suppose g*w + 3*w = 192. Calculate the greatest common divisor of w and 3.
3
Suppose i + 2576 = 5*y - 3*i, 4*y + i = 2044. Calculate the highest common factor of y and 80.
16
Let v be (-4)/10 + (-2110)/(-25). Suppose 0 = 7*c + 41 - 118. Suppose c = 4*m - 37. Calculate the greatest common factor of m and v.
12
Suppose 377*l = 410*l - 918918. What is the highest common divisor of 63 and l?
63
Let b(n) = -5*n**3 + 3*n**2 + 14. Let w be b(-3). Calculate the highest common factor of 112 and w.
16
Let h = 33 - 23. Let u be (-6)/h + 9*(-123)/(-45). Suppose 0*b = -i + b + u, -111 = -5*i + 2*b. Calculate the greatest common divisor of 84 and i.
21
Let q be 1947 + (-1029)/21 + 23. Calculate the greatest common divisor of q and 119.
17
Let u = 16316 - 16133. Calculate the highest common divisor of u and 61.
61
Let k be (-10)/75*-87*(1 + -6). Let p = 69 + k. What is the greatest common factor of 297 and p?
11
Let d be -6*(120/(-8) - 148). Calculate the highest common factor of d and 60.
6
Let x be (-513)/(-3) + (5 - 1). Suppose -95 = -4*m + 5. Calculate the highest common divisor of m and x.
25
Let c be ((-16)/6)/(2/(-6)). Let i be (-103)/((-3605)/(-1344))*5/6*-3. What is the greatest common factor of c and i?
8
Suppose 0 = -0*l - l + 6. Suppose -17*j - 672 = -25*j. Suppose -14*a + j + 252 = 0. What is the greatest common divisor of a and l?
6
Let n = -823 - -865. Let w = 147 + n. What is the highest common factor of w and 27?
27
Suppose 3*d - 5*i - 1365 = 0, d + 4*i + 1812 = 5*d. Let v(l) = 4*l**3 + 54*l**2 - 36*l - 94. Let h be v(-14). Calculate the greatest common factor of d and h.
18
Let r = 100 + -44. Suppose 4*p - 20*w + 25*w - 2108 = 0, -2120 = -4*p - 2*w. What is the highest common factor of p and r?
28
Let t be 4 + (4276/(-6))/(46/(-138)). What is the greatest common factor of 34 and t?
34
Let u(l) = -247*l + 32694. Let w be u(132). Let n be (24/(-20))/((-6)/100). What is the highest common factor of w and n?
10
Let c(p) = 5*p**2 + 16*p - 494. Let m be c(-12). Let a(z) = 4*z**2 - 2*z + 4. Let s be a(6). Calculate the greatest common divisor of m and s.
34
Let z = -2001 - -2017. Calculate the highest common factor of z and 1592.
8
Suppose 4*x + 19 - 27 = 0. Suppose x + 2 = -f, 0 = -5*r - 2*f - 143. Let i = r - -45. What is the greatest common divisor of i and 12?
6
Suppose 90*i = 25*i + 1495. Suppose -5*o - 2 = 3, -344 = -5*n - o. Calculate the greatest common divisor of n and i.
23
Suppose 83*l = 81*l + 48. Suppose 0 = 4*k - 5*k + 2. Let z be 0 + 26 + -1*k. Calculate the highest common factor of z and l.
24
Let q(l) = -346*l - 489. Let d be q(-8). Calculate the greatest common divisor of 129 and d.
43
Suppose 2*a + 3*y = 15, 1640*a + y - 40 = 1637*a. Calculate the greatest common factor of 9 and a.
3
Let z(h) = -17*h - 4. Let d be z(-3). Let s(g) = -6*g**2 - 1536*g - 7389. Let p be s(-251). Calculate the highest common divisor of d and p.
47
Let b = 1534 - 1516. Let q be ((-4)/(-5))/((-15)/(-75)). Suppose -5*w + 87 = 3*t, q*w + 2*t = -t + 69. Calculate the greatest common factor of w and b.
18
Let k be 2/13 + 37/13. Suppose 8*h = k*h + 75. Calculate the greatest common factor of 195 and h.
15
Let v be ((-8)/(-12))/((-6)/(-963)). Let m = v + -65. Calculate the greatest common factor of m and 12.
6
Suppose 657435*a + 7776 = 657483*a. Suppose 3 = -n - 2*g - 6, -5 = n + g. Let o = n - -19. What is the highest common factor of a and o?
18
Let g(v) = -7*v**3 - 9*v**2 - 25*v + 11. Let n be g(-6). What is the highest common factor of 284 and n?
71
Let c = -3167 - -3979. What is the highest common factor of 261 and c?
29
Let t(g) = g**2 + 618*g + 6104. Let f be t(-10). Let j(w) = -6*w**3 + 2*w**2. Let q be j(-3). Calculate the highest common factor of q and f.
12
Let i = 7020 - 6979. Calculate the greatest common divisor of 1312 and i.
41
Let m(y) = -22*y. Let l(o) = o + 2. Let r be l(-3). Let j be m(r). Let i = 32 - j. What is the greatest common factor of i and 25?
5
Let c(m) = -m**2 - 12*m - 19. Let f be c(-6). Suppose -f*s + 15*s + 58 = 0. Let a = s - -2. What is the greatest common divisor of 341 and a?
31
Suppose 2*t = -3*t + 15. Suppose 4*g - 28 = u + u, 0 = -3*g - 3*u + t. Suppose 2423*o + 1755 = 2462*o. Calculate the highest common divisor of g and o.
5
Let o = -16917 - -18642. Calculate the greatest common factor of o and 975.
75
Let j = -654 - -654. Suppose j = 2*b - 14*b + 816. What is the highest common divisor of b and 119?
17
Let r = 7218 + -277. Calculate the greatest common factor of 11 and r.
11
Suppose -16*z - 5*z + 442 = -20. Calculate the highest common divisor of 5258 and z.
22
Let t be 4/24 - 2027/(-6). Suppose 4*c + 61 + 45 = 5*k, -5*k = 4*c - 154. What is the greatest common factor of k and t?
26
Let n(p) be the first derivative of -17*p**2/2 + 33*p - 88. Let a be n(0). What is the highest common divisor of 33 and a?
33
Let g(v) = -v**3 - 14*v**2 + 26*v - 41. Let o be g(-18). Suppose -4*y + o = -501. What is the highest common factor of y and 46?
46
Let j(c) = -55*c + 809. Let k be j(14). Let r be (-9)/(-36) - (-3587)/4. Calculate the greatest common factor of k and r.
39
Let p(o) = -183*o - 11041. Let v be p(-99). Calculate the highest common factor of v and 812.
116
Let z(o) = -3*o**3 - 66*o**2 - 49*o - 5. Let b be z(-22). What is the highest common divisor of 148 and b?
37
Let r = 4677 - 4521. Calculate the highest common factor of 9126 and r.
78
Suppose -5*q - 679 = -12*q. Suppose 4*v - 116 = -k + q, -58 = -v - 5*k. What is the greatest common factor of v and 424?
53
Suppose 6*i - 1583 = -335. Let h = i - 176. Suppose j - 10 = 6. What is the highest common factor of j and h?
16
Let l = -111 + -197. Let m be l/(-6) - 14/(-21). Let v be 6/(-2 + m/24). What is the highest common factor of 12 and v?
12
Suppose -z = 3*z - 1428. Let j = 664 - 652. Suppose -18*f - j*f = -1530. Calculate the greatest common divisor of z and f.
51
Suppose -17*l = -13*l - 100. Suppose -57*x + 4576 = -1124. Calculate the highest common factor of l and x.
25
Let p be (2253/(-12) + -1)/((-11)/(-44)). Let h = -530 - p. Calculate the highest common divisor of 90 and h.
45
Suppose b = 2*b + b. Let g(y) = y**2 + 4*y + 99. Let t be g(b). Calculate the highest common divisor of 55 and t.
11
Suppose 5*m = l - 52, -l - 96 = 5*m - 108. Calculate the greatest common factor of l and 2752.
32
Let s = 80 - 75. Let d be (48/(-30)*s)/(1/(-28)). What is the greatest common factor of 14 and d?
14
Let i = 47 + -42. Let t be ((-12)/i)/((-58)/725). Suppose 4*g - 5*q - 135 = 0, -4*g + 2*q + 126 = -0*q. What is the greatest common factor of t and g?
30
Suppose 11*u + 20 = 12*u - 4*l, -l = 4. Calculate the highest common factor of 7940 and u.
4
Let c = 6290 - 6262.